Let j be b(-2). Let r = j + 0. What are the prime factors of r?
2
Let i = 112 - 23. What are the prime factors of i?
89
Let w(p) = p**3 - 3. Let u be w(3). List the prime factors of ((-54)/u)/((-1)/4).
3
List the prime factors of 6/8 - (-146)/8.
19
Suppose -n - 48 = -4*m, -m + 2*m + 2*n = 21. Let d be (-43)/5 - 6/15. Let i = m + d. What are the prime factors of i?
2
Let q = 2 - -1. Suppose 3*h - 4*d = -58, -q*h - 3*d - 2*d - 49 = 0. List the prime factors of h/(-4)*(-2)/(-3).
3
Suppose -2*p - 10 = 4. Let v = p - -66. Suppose -2*b = w + 4*w - v, -4*b - w = -73. What are the prime factors of b?
17
Let b(i) be the second derivative of i**5/20 - i**4/6 - i**3 + i**2/2 + 4*i. Suppose -3*n - 4 = -4*n. What are the prime factors of b(n)?
3
Let l(u) = -4*u + 6. Let v be l(-7). Let i = v - 24. Suppose 0 = -0*s - s + i. List the prime factors of s.
2, 5
Let a(g) = -3*g - 10. Let x = 5 - 12. What are the prime factors of a(x)?
11
Suppose 0 = -5*j + 2*b + 145, -3*b = 2*j - 5*b - 64. Suppose 4*q = 45 + j. What are the prime factors of q?
2, 3
Let r be ((-2)/(-1))/((-1)/10). Suppose 44 = -4*b - 5*q, -4*b = -0*q + 4*q + 40. List the prime factors of (b/(-10))/((-4)/r).
3
Suppose -l = -4*l. Suppose -k + 26 - 8 = l. List the prime factors of k.
2, 3
Let g(a) = 34*a**3 - a**2. Let j be g(-1). Let i = j + 49. What are the prime factors of i?
2, 7
Suppose -2*i = 4*f - 84, -2*i = i - 3*f - 99. What are the prime factors of i?
2, 3
Let z = 24 - 18. Let g(n) = 2*n - 8. List the prime factors of g(z).
2
Let r be (-8)/6*-3 + -1. Suppose 0 = -r*n + 48 + 60. Suppose n = -0*c + 3*c. What are the prime factors of c?
2, 3
Let w = -3 - -4. Let r(j) = 3*j**2 - 1. Let o be r(w). Suppose 24 = o*k + k. List the prime factors of k.
2
Suppose r + 4*r - 35 = -5*b, 4*b = 20. List the prime factors of (r/(-5))/(6/(-150)).
2, 5
List the prime factors of -16*((-38)/4 - -3).
2, 13
Let f(d) = 13*d + 10. List the prime factors of f(2).
2, 3
Suppose -5*m = -10 - 10. Suppose -25 = m*f - i, -3*f + i - 20 = -i. Let d(t) = t + 13. What are the prime factors of d(f)?
7
List the prime factors of (-228)/(-48)*(-16)/(-1).
2, 19
Let u be 3/(-2 + (-10)/(-8)). List the prime factors of (1 - 4) + u + 19.
2, 3
Suppose 5*r - 142 = -3*g + 97, -2*r + 94 = 2*g. Suppose r = 6*o - 53. List the prime factors of o.
17
Let o(z) = -z**3 + 3*z**2 - z. Let l be o(2). Suppose -2*h + l = -10. Suppose w + h = 4*w. What are the prime factors of w?
2
Let p(t) = 24*t**2 - 3*t - 6. What are the prime factors of p(3)?
3, 67
Suppose 2 = g - 1. Let w be 2*g/((-9)/(-3)). Suppose -w*k + 6*k - 28 = 0. List the prime factors of k.
7
Let k = -45 + 103. What are the prime factors of k?
2, 29
Let b(o) = -o**3 - 5*o**2 + 2*o. Let h be b(-5). Let c = 24 + h. What are the prime factors of c?
2, 7
Let l(h) = h**3 - 7*h**2 + 4*h. Suppose -2*t + w = -2, 0 = -3*w + 6*w - 12. Let x be l(t). Let p = x - -35. List the prime factors of p.
11
Suppose 21 = 2*d - 11. Let v be -7 - 2/3*3. Let n = v + d. List the prime factors of n.
7
Let f(x) = -x - 4. Let z(p) = -2*p - 8. Let d(h) = -5*f(h) + 2*z(h). List the prime factors of d(5).
3
Let w = 65 + -36. List the prime factors of w.
29
Let p = 10 - 1. Suppose -w = -0*w - p. Suppose -w = 4*j - 5*j. What are the prime factors of j?
3
Let q(i) = i**3 + 5*i**2 - i. What are the prime factors of q(-4)?
2, 5
Let g(z) = -z**2 - 8*z + 2. Let m be g(-8). What are the prime factors of 16 + (2 - m/(-2))?
19
Let m = 7 - 5. What are the prime factors of (13 - (-2 - -3))/m?
2, 3
Let l(r) = 38*r - 31. What are the prime factors of l(7)?
5, 47
Let g = -14 - -20. Let h(x) = -x**3 + 7*x**2 - 6*x + 5. Let o be h(g). Suppose -o*c = -17 - 3. What are the prime factors of c?
2
Suppose -4*t + 10 = -2*q - 8, -1 = 2*t + q. Suppose 0*v = -t*v. Suppose -3*m + 7 - 1 = v. What are the prime factors of m?
2
Let w = 16 - 5. List the prime factors of w/(-4)*(-9 - -5).
11
What are the prime factors of ((-207)/2)/(-9)*10?
5, 23
Suppose 4*y - 4 = 0, 2*k + 10*y - 251 = 5*y. What are the prime factors of k?
3, 41
Let j(y) = 8*y + 7. Let l be j(-7). What are the prime factors of (-84)/l*(-1 + 8)?
2, 3
List the prime factors of (2 - -216) + 2 + -3.
7, 31
Let s be (-2)/7 + 183/(-21). Let a = s + 22. What are the prime factors of a?
13
Suppose -6 = -5*u + 9. Suppose s = u*v + 5, 0*v - 23 = -3*s + v. List the prime factors of s.
2
Suppose 0 = -m - 4*n + 158, -3*m - n + 4*n = -519. What are the prime factors of m?
2, 5, 17
Let u(x) = x**2 - 3*x - 11. List the prime factors of u(6).
7
Let j(p) = 8*p + 1. Let c be j(1). Let a(d) = 34*d**3 - 2*d**2 + 1. Let s be a(1). What are the prime factors of s/c - 2/(-6)?
2
Suppose 0 = -3*y - 0*y + 12. Suppose 3*h + y*d = -d - 5, d + 1 = -5*h. Suppose -5*k - z + 37 = h, k - 2*z - 23 = 3*z. List the prime factors of k.
2
Let g = 12 + -17. What are the prime factors of (-16)/(3/(-1 + g))?
2
Suppose 0*v - 2*v + 6 = 0. What are the prime factors of (9 - (v - 6)) + 2?
2, 7
Suppose 0 = -2*s - 2*s - 8. Let l(r) be the third derivative of -r**6/60 - r**5/15 - r**4/12 + r**3/3 + 3*r**2. List the prime factors of l(s).
2, 3
Let k = 34 - -35. List the prime factors of k.
3, 23
What are the prime factors of 6/24 - (-2925)/12?
2, 61
Let s(p) = 10*p + 2. List the prime factors of s(1).
2, 3
Let g = 4 + 21. Suppose -l - h = l - g, -5*h = -3*l + 70. Suppose 4*x - 25 - l = 0. What are the prime factors of x?
2, 5
Suppose -o - 1 + 5 = 0. Let l = o + 21. List the prime factors of l.
5
Let f be 1*3 + -6 + 4. Suppose -5*r - 25 = 0, -r - f - 40 = -2*k. What are the prime factors of k?
2, 3
Let j be (-5)/(-3) + (-1)/(-3). Suppose -18 + j = -2*g. List the prime factors of g.
2
Suppose 0 = -16*g + 18*g - 156. What are the prime factors of g?
2, 3, 13
Suppose 4*y - 5*j - 14 = 0, j + 3 = 3*y - 2*y. Let o(d) = -2*d**2 - 7 + 5*d**3 + 3 + 5. What are the prime factors of o(y)?
2
Let c be (-126)/56*(-8)/6. Suppose -u + 5*s - 4 = 1, -2*s = -4*u + 16. Suppose u*d + c*f = 17, -d = -0*d - 2*f - 6. What are the prime factors of d?
2
Let r = 2 + 0. Let d(h) = -1 - 4*h + 2 + r*h. What are the prime factors of d(-2)?
5
Let l(h) = -123*h - 37. What are the prime factors of l(-4)?
5, 7, 13
Let x = 18 + -14. Suppose -x*j = -15 - 29. List the prime factors of j.
11
Suppose -12 + 0 = -3*t. Suppose -3*p + 5*z = -17, -p + z + 3 + 4 = 0. Suppose p*d - t*d - 18 = -y, -6 = -4*d - 5*y. What are the prime factors of d?
2
Suppose 0*t + 2*t = 4. Suppose 5*d - f - t*f = 281, -2*d = f - 119. Suppose -d = -5*y + 2*m, -4*m - 5 = 11. List the prime factors of y.
2, 5
Suppose 0 = -7*k + 3*k + 140. Suppose k = 6*v - v. What are the prime factors of v?
7
Let r(l) = -l + 6. Suppose 3*p + p - 36 = 0. Let s be r(p). Let x(w) = -4*w + 3. List the prime factors of x(s).
3, 5
Suppose -599 = -7*q + 479. List the prime factors of q.
2, 7, 11
Let i(v) = 63*v**3 + v**2 - 2*v + 2. List the prime factors of i(1).
2
Let f(k) = -k - 1. Let i(n) = n**3 - 4*n**2 + 2*n - 7. Let y(g) = -3*f(g) + i(g). What are the prime factors of y(3)?
2
Suppose t - 4*n = -11, -5*t + 5*n - 4*n = 17. Let a be (-1 + (-5)/t)*-12. What are the prime factors of 6/9 - a/6?
2
Let u(a) be the second derivative of a**4/6 + 17*a**3/6 + 7*a**2/2 + 11*a. List the prime factors of u(-11).
2, 31
Let b = 2 - 1. Suppose 0 = -2*l + b + 55. Suppose 2*y - 2*p = l, -4*y + 24 + 2 = 2*p. What are the prime factors of y?
3
List the prime factors of (-337)/(-3) - (-6)/9*1.
113
Let y(u) = u**2 + 6*u + 2. Let j be y(-6). Suppose -4*t + 3*v = 23, -5 = 5*t - v + j*v. What are the prime factors of (30/(-9))/(t/6)?
2, 5
Let z = 1 - -35. What are the prime factors of z?
2, 3
Suppose 5*v - 354 = -v. List the prime factors of v.
59
Let x = -4 + 12. What are the prime factors of 22*-1*(-12)/x?
3, 11
Suppose 0 = -3*q - 3*q + 414. List the prime factors of q.
3, 23
List the prime factors of ((-24)/(-4) + 1)*324/14.
2, 3
What are the prime factors of 756/13 + (-6)/39?
2, 29
Let f(h) = -6*h + 1. Let j(c) = -13*c + 2. Let q(p) = -7*f(p) + 3*j(p). Let y be q(2). Let r(o) = 2*o + 1. What are the prime factors of r(y)?
11
Suppose 0 = -2*p + 2 + 6. Let z be (-2)/p*32/2. What are the prime factors of (-154)/z + (-4)/16?
19
Let a(p) = -p**3 - 9*p**2 - 6*p + 9. Let u be a(-8). Let k be (-40)/u - 2/(-7). Suppose 3*b - 5*h - 13 = -4*h, -